NOAA-Style Climate Reports

Select a Year or Month report
2017: Jan Feb Mar Apr May Jun Jul Aug Sep Oct Nov Dec
2016: Jan Feb Mar Apr May Jun Jul Aug Sep Oct Nov Dec

Report for 2017 August
                  MONTHLY CLIMATOLOGICAL SUMMARY FOR 8/2017
                                        HEAT  COOL        
     MEAN                               DEG   DEG       WIND SPEED       DOM MEAN  MEAN
DAY  TEMP  HIGH   TIME     LOW   TIME   DAYS  DAYS RAIN AVG  HI  TIME    DIR BAROM HUM
---------------------------------------------------------------------------------------
1   101.2 115.4   4:03pm  80.7   6:19am    0   11  0.00   3  17  10:02pm  NE 29.70   25
2    98.5 112.5   3:54pm  83.6   6:09am    0   10  0.00   5  25   3:56pm  SW 29.75   30
3    93.0 106.0   3:41pm  77.8  11:24pm    0    9  0.67   5  37   7:37pm  SW 29.80   41
4    89.2 100.3   4:02pm  78.2   6:18am    0    7  0.00   2  10   5:18pm  SW 29.77   52
5   106.5 107.1   4:34pm 105.5   5:30pm    0    2  0.00   6  11   3:50pm  SW 29.65   16
6
7
8   100.1 107.1   4:34pm  86.6  11:47pm    0    4  0.00   4  11   3:50pm SSW 29.65   20
9    94.9 109.6   2:57pm  74.9   6:51am    0    7  0.00   2  12   3:27pm  SW 29.69   25
10   99.4 112.1   3:19pm  77.9   6:53am    0    8  0.00   3  14   5:08pm SSW 29.68   23
11   97.8 108.1   4:31pm  83.3   6:38am    0   10  0.00   3  15   1:42am  SW 29.68   30
12   94.1 108.4   4:11pm  82.0   6:43am    0    9  0.00   4  19   7:09pm ESE 29.67   33
13   94.2 105.7   4:27pm  79.0   6:27am    0    8  0.00   5  18   1:45pm NNE 29.67   36
14   93.3 104.5   2:33pm  78.9   6:28am    0    9  0.00   5  20  12:23pm  SW 29.56   25
15   92.3 103.4   3:39pm  80.0  11:59pm    0    7  0.00   3  12  12:03am  SW 29.58   19
16   88.1 103.0   3:31pm  68.8   6:28am    0    6  0.00   2   9   3:19pm SSE 29.72   24
17   93.1 107.6   2:14pm  71.0   6:48am    0    9  0.00   2   8   2:06pm NNE 29.77   22
18   93.6 109.5   4:14pm  73.3   6:21am    0    8  0.00   3   9   2:14pm  SW 29.75   22
19   93.9 108.2   3:53pm  74.2   6:38am    0    8  0.00   3  12   3:39pm SSE 29.69   20
20   91.8 107.1   2:32pm  75.7   6:39am    0    8  0.00   4  18   6:13pm ENE 29.70   23
21   86.0  94.4   1:17pm  76.2   7:10am    0    6  0.00   2  13   3:33pm  SW 29.83   35
22   92.2 104.8   2:44pm  72.9   6:07am    0    7  0.00   3  13   2:21pm  SW 29.85   30
23   91.0 108.4   2:32pm  72.3   5:29am    0    7  0.00   3  12   4:24pm   E 29.74   24
24   89.5 102.3   3:10pm  79.0   5:57am    0    8  0.02   3  16   7:13am WSW 29.71   31
25   92.5 107.5   3:39pm  72.6   6:48am    0    8  0.00   2   9   2:01pm WSW 29.70   27
26   91.8 110.1   1:54pm  73.8   6:32am    0    8  0.00   2   6  11:32am  SW 29.76   24
27   94.7 115.1   3:18pm  74.1   6:48am    0    9  0.00   2   7   3:54pm  SW 29.75   23
28   97.6 113.8   4:23pm  75.7   5:48am    0   10  0.00   3  23   5:52pm SSW 29.70   20
29   98.9 115.2   4:43pm  78.2   6:50am    0   11  0.00   3  19   6:05pm SSW 29.68   21
30   96.9 112.8   3:30pm  81.4   5:49am    0   10  0.01   3  11   3:06pm  NE 29.67   24
31   96.3 107.9   3:57pm  83.5   7:17am    0    8  0.00   3  13   9:44pm  SW 29.71   25
---------------------------------------------------------------------------------------
TOT  93.9 115.4   8/1/17  68.8  8/16/17    0  232  0.70   3  37   8/3/17  SW 29.71   27

HEAT BASE: 65.0
COOL BASE: 65.0