NOAA-Style Climate Reports

Select a Year or Month report
2017: Jan Feb Mar Apr May Jun Jul Aug Sep Oct Nov Dec
2016: Jan Feb Mar Apr May Jun Jul Aug Sep Oct Nov Dec

Report for 2017 July
                  MONTHLY CLIMATOLOGICAL SUMMARY FOR 7/2017
                                        HEAT  COOL        
     MEAN                               DEG   DEG       WIND SPEED       DOM MEAN  MEAN
DAY  TEMP  HIGH   TIME     LOW   TIME   DAYS  DAYS RAIN AVG  HI  TIME    DIR BAROM HUM
---------------------------------------------------------------------------------------
1    96.9 112.8   4:18pm  72.0   6:28am    0   10  0.00   4  15   3:52pm  SW 29.59   12
2    95.3 108.1   3:30pm  75.4   6:34am    0    8  0.00   4  18   4:15pm  SW 29.70   12
3    93.3 108.4   3:30pm  71.4   6:20am    0    7  0.00   3  13   1:24pm WSW 29.78   14
4    93.5 111.6   3:38pm  71.2   6:37am    0    9  0.00   3  14   2:26pm  SW 29.74   14
5    98.6 115.2   3:44pm  71.6   6:47am    0    9  0.00   3  12   3:00pm  SE 29.74   11
6   100.3 118.8   3:26pm  77.6   6:44am    0    9  0.00   2  12   5:00pm  SW 29.75   14
7   106.3 121.2   3:52pm  81.7   6:41am    0   14  0.00   3  20   5:30pm ESE 29.66   13
8   104.8 118.9   3:00pm  82.5   6:34am    0   14  0.00   4  24   7:01pm   W 29.66   17
9   101.1 108.7   4:29pm  90.8   6:49am    0   11  0.00   4  17  10:48am  SW 29.69   23
10
11   95.9 103.4   5:57pm  92.2  11:50pm    0    3  0.03   4  21   5:57pm  SW 29.60   29
12   97.7 111.4   3:20pm  81.4   5:39am    0   11  0.00   3  15   7:26pm  SW 29.68   29
13  100.5 112.3   3:01pm  82.6   6:43am    0   10  0.00   3  11  12:24am  SW 29.70   22
14  100.4 115.1   4:10pm  79.5   6:43am    0   10  0.00   3  15   2:52pm  SW 29.72   20
15  103.7 118.3   4:08pm  79.9   6:39am    0   14  0.00   3  14   4:30pm  SW 29.66   17
16  102.7 112.4   4:00pm  85.0  11:11pm    0   13  0.00   5  26   8:44pm  SW 29.62   25
17   98.9 110.8   4:48pm  83.4   6:48am    0   10  0.00   4  15   2:32pm  SW 29.62   31
18  100.5 110.1   3:05pm  87.6   5:56am    0   11  0.00   5  21  11:34pm  SW 29.67   31
19   90.5  96.4  12:48am  75.8   6:04am    0    8  0.09   4  14   4:46am  SW 29.79   47
20   93.8 105.6   4:06pm  82.0   6:03am    0    9  0.00   3  14   1:33pm  SW 29.77   39
21   95.8 109.9   4:10pm  79.6   6:18am    0    9  0.00   3  14   2:23pm  SW 29.69   29
22  101.2 113.4   4:24pm  86.1   6:13am    0   12  0.00   3  19   5:59pm  SW 29.65   24
23  100.4 114.2   4:26pm  84.5   6:19am    0   11  0.05   5  26   5:52pm   W 29.60   27
24   95.6 105.4   3:01pm  79.1  11:59pm    0   10  0.11   5  18  10:48pm  SW 29.66   38
25   78.6  86.2   6:18pm  72.8   6:26am    0    2  0.99   1   7   2:06am WSW 29.84   78
26   91.3 101.6   3:33pm  76.1   5:54am    0    8  0.00   2  10   2:14pm  SW 29.85   49
27   94.2 107.5   4:39pm  80.2   6:35am    0    8  0.00   2   7   7:03pm WSW 29.74   41
28   96.7 108.7   3:39pm  80.4   6:59am    0   10  0.00   3  12   1:08pm WSW 29.68   33
29   96.9 108.8   4:30pm  85.1   2:28am    0   10  0.00   4  21   7:55pm  SW 29.75   31
30   96.8 112.5   4:00pm  80.8   6:37am    0   10  0.00   3  12   7:45pm  SW 29.78   27
31  100.3 115.2   4:24pm  81.4   5:55am    0   10  0.00   3  17   6:41pm NNE 29.73   25
---------------------------------------------------------------------------------------
TOT  97.9 121.2   7/7/17  71.2   7/4/17    0  289  1.27   3  26  7/16/17  SW 29.70   27

HEAT BASE: 65.0
COOL BASE: 65.0