NOAA-Style Climate Reports

Select a Year or Month report
2017: Jan Feb Mar Apr May Jun Jul Aug Sep Oct Nov Dec
2016: Jan Feb Mar Apr May Jun Jul Aug Sep Oct Nov Dec

Report for 2017 June
                  MONTHLY CLIMATOLOGICAL SUMMARY FOR 6/2017
                                        HEAT  COOL        
     MEAN                               DEG   DEG       WIND SPEED       DOM MEAN  MEAN
DAY  TEMP  HIGH   TIME     LOW   TIME   DAYS  DAYS RAIN AVG  HI  TIME    DIR BAROM HUM
---------------------------------------------------------------------------------------
1    86.3  99.4   2:47pm  66.6   5:59am    0    7  0.00   3  15   2:43pm  SW 29.63   18
2    88.3 104.7   4:15pm  64.4   6:03am    0    7  0.00   2   9   2:12pm  SW 29.70   16
3    92.3 108.1   3:42pm  67.0   6:13am    0    8  0.00   2  10   4:04pm  SW 29.67   16
4    92.8 109.0   2:51pm  70.3   6:04am    0    7  0.00   3  21   5:12pm ESE 29.61   17
5    94.5 108.2   3:30pm  72.3   6:01am    0    9  0.00   4  17   1:12pm  SW 29.61   16
6    93.0 107.9   3:06pm  71.4   5:43am    0    8  0.00   4  21   3:29pm  SW 29.65   17
7    92.8 106.9   3:15pm  71.0   5:46am    0    8  0.00   5  19   4:24pm ENE 29.67   16
8    90.0 102.5   4:29pm  70.4   6:01am    0    6  0.00   5  17  12:45pm  SW 29.64   15
9    91.2 104.3   4:29pm  69.8   6:10am    0    9  0.00   8  27   1:51pm  SW 29.54   14
10   90.3 100.1   4:05pm  76.5   6:18am    0    7  0.00   8  26   3:50pm  SW 29.46   21
11   85.0  95.1   4:59pm  71.1   5:55am    0    5  0.00   8  24   7:51pm  SW 29.46   21
12   75.3  83.1   6:21pm  64.5   6:08am    0    3  0.00   7  22   4:57am  SW 29.73   18
13   79.8  92.5   4:10pm  56.5   5:54am    0    5  0.00   3  11   1:12pm  SW 29.79   18
14   83.9 103.0   3:30pm  61.6   5:42am    0    5  0.00   2  12   3:13pm   E 29.73   17
15   90.2 107.4   3:19pm  64.9   5:48am    0    6  0.00   2  11   3:14pm  SW 29.72   14
16   95.1 111.5   3:10pm  67.6   6:01am    0    7  0.00   2  11   2:55pm  SW 29.66   12
17   96.9 113.5   3:34pm  71.6   5:58am    0    8  0.00   3  12   3:10pm  SW 29.59   13
18   99.4 115.6   3:18pm  75.4   5:57am    0   10  0.00   3  11  10:25am ENE 29.59   17
19  102.5 119.9   4:35pm  79.0   6:35am    0   12  0.00   4  24   5:31pm  NE 29.61   16
20  101.8 119.2   3:57pm  79.5   6:10am    0   11  0.00   2  13   3:52pm ENE 29.60   17
21  100.5 118.5   1:59pm  77.4   6:38am    0   10  0.00   3  13   4:53pm  SW 29.51   14
22   99.0 117.1   3:12pm  76.6   6:06am    0   14  0.00   3  14   2:37pm  SW 29.51   13
23  101.9 118.7   3:41pm  77.3   6:29am    0   10  0.00   2   8  12:00am ESE 29.58   13
24  100.6 118.5   3:28pm  79.1   6:07am    0   10  0.00   2   8  10:15am   E 29.62   12
25
26  102.0 113.8   2:34pm  77.2   6:37am    0    7  0.00   6  26   1:55pm  SW 29.63   10
27   94.6 109.1   3:19pm  72.1   6:10am    0    8  0.00   3  14   3:23pm  SW 29.57   12
28   95.1 109.0   3:49pm  70.8   6:19am    0    8  0.00   5  22   1:53pm  SW 29.52   11
29   96.1 110.9   3:22pm  73.2   6:17am    0    8  0.00   3  11   3:03pm ENE 29.60   11
30   95.0 112.7   3:36pm  74.0   5:39am    0    9  0.00   2   9   2:50pm ENE 29.64   12
---------------------------------------------------------------------------------------
TOT  93.6 119.9  6/19/17  56.5  6/13/17    0  233  0.00   4  27   6/9/17  SW 29.62   15

HEAT BASE: 65.0
COOL BASE: 65.0