NOAA-Style Climate Reports

Select a Year or Month report
2017: Jan Feb Mar Apr May Jun Jul Aug Sep Oct Nov Dec
2016: Jan Feb Mar Apr May Jun Jul Aug Sep Oct Nov Dec

Report for 2017 May
                  MONTHLY CLIMATOLOGICAL SUMMARY FOR 5/2017
                                        HEAT  COOL        
     MEAN                               DEG   DEG       WIND SPEED       DOM MEAN  MEAN
DAY  TEMP  HIGH   TIME     LOW   TIME   DAYS  DAYS RAIN AVG  HI  TIME    DIR BAROM HUM
---------------------------------------------------------------------------------------
1    74.9  93.2   3:56pm  52.2   6:24am    1    3  0.00   2  14   3:15pm   E 29.82   24
2    80.4  97.8   3:26pm  57.4   6:34am    0    5  0.00   3  12   9:15pm   E 29.76   25
3    84.2  97.4   4:37pm  65.0   6:49am    0    6  0.00   4  20  10:33am  NE 29.88   18
4    83.2 104.6   4:14pm  58.3   5:55am    0    5  0.00   2   9  10:43am   E 29.82   18
5    87.4 103.4   2:20pm  59.9   6:21am    0    6  0.00   4  18   3:09pm  SW 29.61   18
6    83.2  98.3   1:39pm  67.2   6:29am    0    6  0.00   7  27   5:45pm  SW 29.41   21
7    67.1  75.8  12:15am  58.7  11:55pm    0    1  0.00   6  19  10:11am  SW 29.67   36
8    69.7  87.0   3:50pm  49.6   5:46am    1    3  0.00   3  10   4:10pm   E 29.76   34
9    67.3  79.9   2:06pm  56.9   6:15am    1    1  0.12   5  28   3:55pm  SW 29.73   46
10   69.2  82.9   4:06pm  57.1  12:00am    1    2  0.00   2  12   4:32pm  SW 29.91   58
11   78.2  91.6   4:36pm  59.8   6:03am    0    4  0.00   2  10   3:58pm   E 29.91   43
12   82.4  96.8   1:49pm  62.7   6:12am    0    6  0.00   5  22   1:49pm   E 29.67   30
13   78.2  88.6   3:58pm  64.8  11:58pm    0    4  0.00   5  17   1:09pm  SW 29.58   19
14   78.2  90.5   2:16pm  52.7   6:06am    0    4  0.00   7  24   3:31pm  SW 29.59   17
15   73.1  81.4   3:00pm  58.8   5:52am    0    3  0.00   6  20   4:56pm  SW 29.59   19
16   69.7  83.7   3:32pm  51.9   6:05am    1    2  0.00   4  18  11:31pm  SW 29.70   26
17   70.8  78.5   2:10pm  56.8  11:53pm    0    2  0.00   7  22   5:58pm  SW 29.63   30
18   62.8  71.7  12:46pm  50.0   4:07am    1    0  0.00   3  17   3:05pm ESE 29.90   36
19   68.3  87.8   4:14pm  44.8   5:17am    2    2  0.00   2   9   4:17pm ENE 29.94   34
20   76.3  94.8   4:01pm  56.6   6:05am    0    4  0.00   2  19   2:06pm  NE 29.86   27
21   81.1  98.0   2:20pm  58.4   6:07am    0    5  0.00   3  15   9:03pm ENE 29.81   24
22   86.0  99.7   3:48pm  67.7   6:29am    0    6  0.00   3  13   9:19am NNE 29.84   23
23   84.3 105.7   3:37pm  62.9   6:21am    0    5  0.00   2   9   8:48am   E 29.81   22
24   90.0 106.8   2:15pm  65.0   5:44am    0    8  0.00   5  28   4:55pm   S 29.48   15
25   91.1 100.8   2:51pm  75.0   5:41am    0    8  0.00   7  23   7:12pm  SW 29.35   13
26   86.7  95.0   4:06pm  76.5   6:38am    0    7  0.00   7  22   1:05pm  SW 29.54   14
27   84.3  97.4   4:11pm  69.4   6:49am    0    5  0.00   3   9  10:30am NNE 29.78   18
28   85.0 101.3   3:43pm  63.2   5:55am    0    5  0.00   2  11  10:17am NNW 29.83   16
29   88.3 105.2   4:32pm  63.4   5:55am    0    6  0.00   2  12  10:25am NNE 29.71   15
30   92.1 104.7   4:23pm  66.1   6:18am    0    7  0.00   3  13   2:00pm  SW 29.65   13
31   84.5  99.2  12:46pm  67.3   6:23am    0    6  0.00   4  17   4:43pm SSW 29.62   17
---------------------------------------------------------------------------------------
TOT  79.3 106.8  5/24/17  44.8  5/19/17    9  136  0.12   4  28   5/9/17  SW 29.71   25

HEAT BASE: 65.0
COOL BASE: 65.0