NOAA-Style Climate Reports

Select a Year or Month report
2017: Jan Feb Mar Apr May Jun Jul Aug Sep Oct Nov Dec
2016: Jan Feb Mar Apr May Jun Jul Aug Sep Oct Nov Dec

Report for 2017 April
                  MONTHLY CLIMATOLOGICAL SUMMARY FOR 4/2017
                                        HEAT  COOL        
     MEAN                               DEG   DEG       WIND SPEED       DOM MEAN  MEAN
DAY  TEMP  HIGH   TIME     LOW   TIME   DAYS  DAYS RAIN AVG  HI  TIME    DIR BAROM HUM
---------------------------------------------------------------------------------------
1    65.6  79.6   4:44pm  49.7   6:45am    1    1  0.00   3  14   4:01pm ENE 29.89   53
2    67.0  83.3   4:48pm  49.2   6:59am    1    2  0.00   2  11  11:39pm ENE 29.83   50
3    60.9  71.5  11:04am  48.4  11:59pm    1    0  0.09   4  18   6:10pm  NE 29.76   58
4    59.9  73.7   4:55pm  40.9   6:52am    2    1  0.00   2  11   4:14pm  NE 30.03   45
5    62.7  80.2   3:49pm  47.4   6:46am    1    1  0.00   2   8   8:42am ESE 30.10   34
6    67.2  86.7   4:33pm  46.8   6:45am    1    2  0.00   1  10   5:11pm ESE 29.90   41
7    74.3  86.3   1:48pm  60.0   5:11am    0    3  0.00   6  23  10:47pm SSW 29.76   24
8    73.2  81.7   2:58pm  56.0  11:48pm    0    2  0.00  10  25   5:02pm  SW 29.67   21
9    58.9  73.6   3:55pm  45.3   6:29am    2    0  0.00   2  12  12:37pm ENE 30.00   32
10   61.0  81.4   2:51pm  41.6   6:42am    2    1  0.00   2   7   1:10pm  SW 30.00   32
11   63.5  82.2   2:05pm  46.9   6:14am    2    2  0.00   2  12   4:04pm ENE 29.90   30
12   70.0  89.0   2:57pm  46.8   6:48am    1    3  0.00   2  11   5:49pm ESE 29.85   28
13   74.6  90.1   3:30pm  54.2   6:45am    0    3  0.00   7  28   5:23pm  SW 29.67   25
14   67.7  81.8   4:17pm  51.6   6:36am    1    2  0.00   2   9   1:15pm   E 29.78   31
15   69.2  86.3   3:23pm  49.7   5:57am    1    2  0.00   2   9   9:49am   E 29.88   30
16   72.4  91.0   3:35pm  49.7   6:11am    1    3  0.00   4  12   3:57pm   E 29.82   26
17   76.3  88.2   2:13pm  62.4   7:06am    0    3  0.00   4  20   4:41pm  SW 29.78   26
18   77.8  91.3   2:53pm  56.4   6:37am    0    4  0.00   9  29   2:32pm  SW 29.77   33
19   73.9  86.4   6:15pm  58.1   6:21am    0    3  0.00   2   9  12:19am  NE 29.93   33
20   73.3  88.3   3:36pm  52.5   6:36am    1    3  0.00   4  13  11:54am WNW 29.85   27
21   72.5  84.1   4:40pm  61.3   5:47am    0    3  0.00   4  13   8:10am NNW 29.96   23
22   72.8  88.4   4:50pm  51.7   6:20am    1    3  0.00   3  18   9:43am  NE 29.90   23
23   78.5  94.5   2:27pm  57.4   6:47am    0    4  0.00   6  26   1:31pm  SW 29.59   23
24   74.0  85.9   2:41pm  56.3   6:21am    0    3  0.00   4  18   3:09pm  SW 29.52   25
25   72.4  79.6   2:57pm  61.7  11:57pm    0    2  0.00   5  15  12:56pm  NW 29.65   19
26   69.0  86.0   4:23pm  49.1   6:25am    1    2  0.00   2   9   3:40pm  SE 29.69   27
27   76.2  85.5   3:56pm  60.0   5:39am    0    3  0.00   4  15  11:47pm   E 29.58   24
28   63.5  71.8   2:03pm  55.5   6:15am    1    0  0.00   6  24   3:58pm   N 29.80   26
29   68.1  81.0   3:51pm  46.6   6:23am    1    2  0.00   6  25  11:17am  NE 29.98   24
30   71.5  86.2   3:41pm  49.9   6:22am    1    2  0.00   3  11   5:23pm  SW 29.97   21
---------------------------------------------------------------------------------------
TOT  69.6  94.5  4/23/17  40.9   4/4/17   26   64  0.09   4  29  4/18/17  SW 29.83   31

HEAT BASE: 65.0
COOL BASE: 65.0