NOAA-Style Climate Reports

Select a Year or Month report
2017: Jan Feb Mar Apr May Jun Jul Aug Sep Oct Nov Dec
2016: Jan Feb Mar Apr May Jun Jul Aug Sep Oct Nov Dec

Report for 2017 February
                  MONTHLY CLIMATOLOGICAL SUMMARY FOR 2/2017
                                        HEAT  COOL        
     MEAN                               DEG   DEG       WIND SPEED       DOM MEAN  MEAN
DAY  TEMP  HIGH   TIME     LOW   TIME   DAYS  DAYS RAIN AVG  HI  TIME    DIR BAROM HUM
---------------------------------------------------------------------------------------
1    49.6  67.0   2:48pm  34.8   6:55am    4    0  0.00   1   4  10:46am  SW 30.10   63
2    52.2  67.3   2:58pm  41.1   7:05am    4    0  0.00   1   8   1:00pm  SW 30.06   61
3    58.3  71.7   3:44pm  44.7   7:08am    2    0  0.00   1   5   3:39pm  SW 29.96   52
4    55.7  68.3   3:28pm  44.2   7:17am    2    0  0.00   2   5  10:49am WSW 30.00   60
5    53.3  67.2   1:52pm  40.0   7:08am    4    0  0.00   1   5   7:50pm WSW 29.95   67
6    54.8  64.3  12:55pm  46.1   2:39am    3    0  0.00   2   7  12:56pm SSE 29.85   64
7    57.0  70.3   3:39pm  49.1   3:57am    2    0  0.00   2   8   2:30pm SSE 29.92   69
8    59.9  73.8   2:51pm  47.8   7:15am    2    1  0.00   1   7  12:13pm SSW 30.08   68
9    59.7  74.8   2:15pm  46.9   6:26am    2    0  0.00   1   5   1:06am SSW 30.01   70
10   58.0  63.2   1:08pm  53.9   5:27am    2    0  0.01   1  12  10:56pm   S 29.89   80
11   57.6  64.4  11:14am  54.1  11:59pm    2    0  0.18   3  17  11:42am NNE 30.00   76
12   55.5  62.5   2:29pm  47.7   7:37am    3    0  0.00   4  15  10:00am NNE 30.14   58
13   58.9  72.2   3:09pm  45.3   7:08am    2    0  0.00   3  11   6:17pm ESE 30.07   44
14   56.5  72.7   2:43pm  41.9   7:07am    3    0  0.00   3  10  12:06pm ESE 30.10   46
15   58.1  73.4   2:14pm  40.5   6:55am    2    1  0.00   2   6  12:08am ENE 30.13   44
16   55.6  73.0   2:43pm  40.3   6:21am    3    0  0.00   1   8  12:58pm SSE 29.94   54
17   59.3  64.0   1:47am  53.7  11:40pm    2    0  0.02   3  16   5:10am  NE 29.65   60
18   55.7  60.9   4:14am  53.0  11:46pm    2    0  0.14   2  12   4:02am  SW 29.57   78
19   54.8  63.8   3:43pm  51.2  11:41pm    2    0  0.05   2  10   4:19am WSW 29.80   81
20   56.6  62.0  12:36pm  51.3  12:00am    2    0  0.00   1   6   1:39pm NNW 30.14   78
21   58.2  70.7   3:44pm  47.2   6:04am    2    0  0.00   2   9   3:35pm NNE 30.14   73
22   57.0  70.8   2:16pm  47.2   8:01pm    3    0  0.04   6  21  10:35am SSE 29.83   59
23   49.2  60.3   1:57pm  38.8   6:39am    5    0  0.01   3  23   2:13pm  SW 29.90   46
24   46.8  57.1   2:00pm  35.4   6:40am    4    0  0.00   2   9   1:20pm SSE 30.14   40
25   45.9  59.0   2:13pm  30.2   6:32am    5    0  0.00   3  13   2:40pm ENE 30.06   46
26   51.1  62.5   2:20pm  34.9   6:54am    3    0  0.00   4  16   8:53pm   E 29.87   47
27   56.6  61.3  12:04pm  49.9  11:39pm    3    0  0.00   6  22  12:29pm  SW 29.73   49
28   55.7  64.5   3:15pm  42.6  11:57pm    2    0  0.00   2  10   3:51am  SW 30.02   37
---------------------------------------------------------------------------------------
TOT  55.2  74.8   2/9/17  30.2  2/25/17   75    4  0.45   2  23  2/23/17  SW 29.97   59

HEAT BASE: 65.0
COOL BASE: 65.0