NOAA-Style Climate Reports

Select a Year or Month report
2017: Jan Feb Mar Apr May Jun Jul Aug Sep Oct Nov Dec
2016: Jan Feb Mar Apr May Jun Jul Aug Sep Oct Nov Dec

Report for 2017 January
                  MONTHLY CLIMATOLOGICAL SUMMARY FOR 1/2017
                                        HEAT  COOL        
     MEAN                               DEG   DEG       WIND SPEED       DOM MEAN  MEAN
DAY  TEMP  HIGH   TIME     LOW   TIME   DAYS  DAYS RAIN AVG  HI  TIME    DIR BAROM HUM
---------------------------------------------------------------------------------------
1    54.3  60.6   3:04pm  46.1   5:21am    2    0  0.03   3  16  11:05pm  SW 29.73   72
2    52.5  59.4   3:29pm  43.1  11:55pm    4    0  0.00   3  12  12:00am  SW 29.89   62
3    46.4  56.8   1:25pm  41.0   5:35am    4    0  0.00   1   6  12:25am  SE 30.11   81
4    48.2  56.8   2:31pm  37.5   6:25am    3    0  0.00   1   6   1:59pm ENE 29.99   79
5    50.0  64.6   3:47pm  38.0  11:58pm    4    0  0.01   4  26   6:33pm ENE 29.80   68
6
7    44.4  48.6   3:28pm  34.9   5:23am    4    0  0.00   1   5   7:06am NNE 30.37   59
8    48.6  59.9   2:33pm  41.4   6:46am    4    0  0.00   1   3   9:33am ENE 30.27   69
9    54.7  68.5   2:31pm  44.0  12:25am    3    0  0.04   5  23   2:36pm  SW 29.98   67
10   51.4  62.3   2:36pm  41.0   7:02am    4    0  0.00   2   6  12:01am ESE 29.89   68
11   60.4  68.1   1:30pm  45.2  12:28am    1    0  0.00   7  25   2:36pm SSW 29.77   46
12   55.1  61.4   1:09pm  49.6  10:36pm    3    0  0.13   3  11   3:02pm SSE 29.88   66
13   55.3  64.1   2:09pm  47.9   6:14am    3    0  0.03   3  15  11:23am NNW 30.07   68
14   53.0  58.7  11:51am  45.5  11:55pm    4    0  0.00   4  12   4:44pm   N 30.09   60
15   51.0  63.1   3:09pm  43.3   7:52am    4    0  0.00   3  14   6:14pm ESE 30.03   57
16   46.7  60.3   3:19pm  31.1   7:22am    1    0  0.00   3   8  10:25am ENE 30.20   51
17   46.5  60.5   3:39pm  31.1   7:22am    2    0  0.00   2   8  10:25am ENE 30.19   54
18   44.6  59.5   2:32pm  30.8   7:10am    5    0  0.00   1   4  10:16am   S 30.10   63
19   47.0  49.2  12:26pm  43.3  11:55pm    4    0  0.61   2  13   9:00pm WNW 29.85   85
20   44.6  50.4  11:48pm  39.2   3:01am    5    0  0.21   2  12  11:46pm  NE 29.51   90
21   50.4  60.2   2:24pm  41.1  11:57pm    4    0  0.00   4  14   3:16am  SW 29.71   63
22   44.8  47.3  10:59am  40.1   3:16am    6    0  0.45   3   8   7:30am NNW 30.01   88
23   50.5  57.2   1:07pm  40.4  11:04pm    4    0  0.29   7  28   5:26am  SW 29.70   66
24   45.6  53.9   3:37pm  37.4   7:24am    5    0  0.01   2  10  12:38pm NNE 29.93   65
25   41.9  52.8   1:36pm  30.3   6:28am    6    0  0.00   2   7   8:27am   E 30.27   57
26   41.7  54.0   3:00pm  30.1   7:02am    7    0  0.00   2   9  11:10pm   E 30.42   55
27   40.2  53.6   3:24pm  30.1   4:37am    7    0  0.00   3  11  11:38am ENE 30.63   52
28   44.3  59.3   3:08pm  28.4   6:47am    6    0  0.00   2   9  11:07am ESE 30.64   50
29   47.8  63.7   3:41pm  32.4   6:07am    5    0  0.00   3   8   8:58am ESE 30.50   49
30   47.5  66.1   3:26pm  34.6   6:00am    4    0  0.00   1   5   7:41am   E 30.28   59
31   49.6  65.9   3:16pm  33.4   7:00am    4    0  0.00   1   5   2:18pm SSW 30.15   62
---------------------------------------------------------------------------------------
TOT  48.6  68.5   1/9/17  28.4  1/28/17  124    0  1.82   3  28  1/23/17   E 30.06   64

HEAT BASE: 65.0
COOL BASE: 65.0