NOAA-Style Climate Reports

Select a Year or Month report
2017: Jan Feb Mar Apr May Jun Jul Aug Sep Oct Nov Dec
2016: Jan Feb Mar Apr May Jun Jul Aug Sep Oct Nov Dec

Report for 2016 December
                  MONTHLY CLIMATOLOGICAL SUMMARY FOR 12/2016
                                        HEAT  COOL        
     MEAN                               DEG   DEG       WIND SPEED       DOM MEAN  MEAN
DAY  TEMP  HIGH   TIME     LOW   TIME   DAYS  DAYS RAIN AVG  HI  TIME    DIR BAROM HUM
---------------------------------------------------------------------------------------
1    41.9  60.5   2:39pm  30.4   6:33am   11    0  0.00   1   9  11:01pm ENE 30.04   56
2    46.9  57.0   2:22pm  35.0   6:45am    6    0  0.00   3  18  12:29pm NNE 30.12   43
3    39.8  60.4   3:10pm  30.2   6:48am   11    0  0.00   2  12   9:43am  SE 30.25   52
4    41.5  62.9   2:14pm  30.4   6:44am    9    0  0.00   1   5   8:34am ENE 30.14   50
5    43.5  62.4   1:34pm  31.2   7:21am    8    0  0.00   1   4   1:00am SSW 29.94   49
6    49.8  64.0   2:15pm  39.4   6:49am    5    0  0.00   2  10  12:48pm SSE 29.82   43
7    45.3  56.5   3:26pm  32.4   7:21am    6    0  0.00   3  11  12:11pm  SE 30.15   33
8    42.7  59.0   2:15pm  32.3   6:10am    7    0  0.00   1   4   1:07am  SE 30.28   40
9    45.5  56.7  12:35pm  33.4   5:32am    7    0  0.00   1   6   2:35pm  SW 30.28   45
10   52.5  66.0   1:53pm  40.7   2:23am    4    0  0.00   1   6   1:54pm  SW 30.08   48
11   53.2  66.5   3:32pm  43.5   7:18am    3    0  0.00   1   4   1:30pm WSW 30.03   58
12
13   54.4  68.6   3:16pm  41.1   7:16am    3    0  0.00   1   6   8:39pm WSW 30.07   60
14   50.7  65.2   1:58pm  40.0   7:00am    5    0  0.00   1   4  12:00am   S 30.06   65
15   53.0  60.2   2:25pm  44.8   3:38am    4    0  0.06   1  11  11:29pm WSW 29.90   73
16   62.3  69.4  12:10pm  46.0  11:56pm    2    1  0.10  10  30   4:50pm  SW 29.53   53
17
18   40.5  51.0   3:13pm  27.7   8:07am    5    0  0.00   4  17  11:55am ENE 30.48   35
19   33.4  55.1   2:57pm  24.5   6:51am   20    0  0.00   2   8   6:39am   E 30.55   49
20   34.5  59.9   3:09pm  25.4   6:45am   18    0  0.00   1   5   9:58am   E 30.45   57
21   46.0  55.9   3:13pm  36.1  12:03am    7    0  0.00   1   5   2:15pm  SE 30.22   50
22   49.5  49.7   5:36am  49.5   5:10am    0    0  0.38   2   4   5:36am  NE 29.62   95
23
24   47.3  50.2   5:53am  43.0  11:51pm    4    0  0.75   3  23   6:01am  NE 29.60   88
25   43.6  51.0   1:58pm  36.1  11:41pm    6    0  0.00   2  12  11:33am   W 30.02   69
26   39.3  52.2   2:03pm  30.8   6:36am   10    0  0.00   3  11   2:17pm ESE 30.40   71
27   37.9  55.5   2:36pm  30.8   5:44am   11    0  0.00   1   6  12:54pm   E 30.42   73
28   42.1  59.1   3:02pm  30.5   7:12am    7    0  0.00   1   5  11:31am   S 30.37   76
29   48.8  65.1   2:54pm  32.6   7:21am    5    0  0.00   2   7  11:38am   E 30.32   64
30   45.0  53.3  12:58pm  33.7   6:49am    6    0  0.12   1   7   1:16pm  SW 30.07   75
31   49.0  57.7   2:32pm  44.5   4:33am    4    0  0.24   1   7   2:55pm  SW 29.92   88
---------------------------------------------------------------------------------------
TOT  45.1  69.4 12/16/16  24.5 12/19/16  192    1  1.79   2  30 12/16/16   E 30.14   57

HEAT BASE: 65.0
COOL BASE: 65.0