NOAA-Style Climate Reports

Select a Year or Month report
2017: Jan Feb Mar Apr May Jun Jul Aug Sep Oct Nov Dec
2016: Jan Feb Mar Apr May Jun Jul Aug Sep Oct Nov Dec

Report for 2016 November
                  MONTHLY CLIMATOLOGICAL SUMMARY FOR 11/2016
                                        HEAT  COOL        
     MEAN                               DEG   DEG       WIND SPEED       DOM MEAN  MEAN
DAY  TEMP  HIGH   TIME     LOW   TIME   DAYS  DAYS RAIN AVG  HI  TIME    DIR BAROM HUM
---------------------------------------------------------------------------------------
1    64.0  75.6   1:36pm  50.4   7:00am    1    1  0.00   4  15   8:00pm ESE 29.89   44
2    64.7  80.8   3:58pm  49.3   7:34am    1    1  0.00   2  10   1:10am   E 30.09   43
3    67.3  84.5   3:18pm  49.1   7:30am    1    2  0.00   4  15   3:13pm   E 30.12   40
4    69.3  83.6   3:04pm  54.8   7:35am    1    2  0.00   3  15   1:07pm  SE 30.05   41
5    68.2  85.0   3:50pm  55.5   7:33am    1    1  0.00   2   6   1:28pm  SE 29.98   48
6    66.3  83.9   2:28pm  54.2   3:45am    0    1  0.00   1   4   2:17pm   S 29.97   46
7    61.1  85.4   3:08pm  51.3   6:30am    1    0  0.00   1   3  12:00am SSE 30.08   51
8    67.4  88.9   2:35pm  52.6   6:06am    1    2  0.00   2   8   2:20pm  NE 30.15   42
9    64.7  88.1   3:01pm  50.7   6:40am    2    2  0.00   1   5   2:06am  NE 30.11   44
10   64.7  84.9   3:15pm  48.8   6:30am    1    1  0.00   1   7  12:57pm  SE 30.08   41
11   63.0  83.7   3:15pm  46.8   6:38am    2    1  0.00   1   5  12:59pm  SE 30.12   41
12
13   64.3  80.0   1:31pm  46.0   6:25am    1    1  0.00   1   5  10:44am  SE 30.14   38
14   60.0  81.9   2:54pm  44.4   6:36am    3    1  0.00   1   5   1:03pm  SE 30.14   43
15   58.7  79.4   2:31pm  43.3   6:37am    3    1  0.00   1   4  12:45am  SE 30.01   44
16   62.0  77.1   3:57pm  49.3   3:16am    2    1  0.00   4  22   8:00pm  SE 29.66   36
17   54.1  63.2   2:04pm  42.6  11:58pm    3    0  0.00   4  14   1:39am  NW 30.00   32
18   48.3  68.0   2:42pm  33.8   7:01am    4    0  0.00   2   9  12:11am   E 30.24   35
19   53.0  73.9   2:47pm  35.3   6:09am    4    0  0.00   1   5   3:50am ESE 30.15   32
20   57.8  70.5   3:08pm  45.0   6:34am    2    0  0.01   1  10  12:15pm  SE 29.96   37
21   56.9  65.3   2:19pm  51.2  11:56pm    2    0  0.19   2  11   5:46am  SW 29.82   79
22   55.1  68.7   3:26pm  43.6   7:03am    3    0  0.01   1   6   8:17am  NE 30.10   69
23   53.5  68.6   3:12pm  39.4   7:05am    3    0  0.00   1   9   8:15pm SSW 30.13   61
24   51.3  65.0   2:36pm  37.3   6:51am    4    0  0.00   2  10  11:00am ESE 30.32   49
25   46.6  70.0   2:33pm  34.2   6:37am    6    0  0.00   1   5   1:07pm ESE 30.21   57
26   52.9  69.6   2:41pm  36.1   6:46am    5    0  0.00   3  21   9:20pm SSE 29.86   48
27   52.0  59.2   9:59am  39.8  11:49pm    4    0  0.00   4  20  12:29am  SW 29.80   53
28   45.2  57.7   2:30pm  37.4  11:57pm    7    0  0.02   2  10   3:22pm ENE 29.85   75
29   42.7  59.5   1:34pm  31.9   7:05am    8    0  0.00   2   9   1:37pm ESE 30.07   60
30   39.8  58.9   1:55pm  29.7   6:39am   10    0  0.00   1   6   3:00am ENE 30.14   58
---------------------------------------------------------------------------------------
TOT  56.9  88.9  11/8/16  29.7 11/30/16   89   20  0.23   2  22 11/16/16  SE 30.04   48

HEAT BASE: 65.0
COOL BASE: 65.0