NOAA-Style Climate Reports

Select a Year or Month report
2017: Jan Feb Mar Apr May Jun Jul Aug Sep Oct Nov Dec
2016: Jan Feb Mar Apr May Jun Jul Aug Sep Oct Nov Dec

Report for 2016 October
                  MONTHLY CLIMATOLOGICAL SUMMARY FOR 10/2016
                                        HEAT  COOL        
     MEAN                               DEG   DEG       WIND SPEED       DOM MEAN  MEAN
DAY  TEMP  HIGH   TIME     LOW   TIME   DAYS  DAYS RAIN AVG  HI  TIME    DIR BAROM HUM
---------------------------------------------------------------------------------------
1    82.1  96.4   2:19pm  67.1   6:56am    0   17  0.00   3  22   2:55pm   S 29.79   37
2    81.3  93.7   3:11pm  67.4   7:06am    0   16  0.00   6  30  11:05pm  SW 29.65   28
3    70.5  79.4   4:34pm  57.5  11:57pm    1    6  0.00   5  38   1:00am  SW 29.74   17
4    66.4  84.6   3:25pm  48.3   7:04am    5    6  0.00   2  10   3:43pm ENE 29.77   22
5    68.0  85.4   3:09pm  51.0   7:03am    4    7  0.00   2  12   4:50pm   E 29.76   26
6    67.0  83.9   2:54pm  50.1   6:56am    4    6  0.00   2  11  11:24am ENE 29.94   23
7    69.2  89.9   3:53pm  49.8   6:23am    4    8  0.00   2  11   1:28pm  SE 29.97   23
8    73.5  93.9   3:26pm  54.9   7:07am    3   11  0.00   2   9   4:36pm  SW 29.91   24
9    76.1  94.1   3:41pm  58.8   6:37am    1   12  0.00   2   9   2:35pm  NE 29.91   34
10   77.0  93.7   2:48pm  59.5   6:37am    1   13  0.00   2  20   1:32pm  SE 29.84   33
11   78.3  93.6   3:08pm  67.0  11:59pm    0   13  0.00   2  13   2:07pm   S 29.81   29
12   73.6  93.3   1:46pm  55.5   7:05am    2   10  0.00   1  10   2:26pm   E 29.86   29
13   72.3  90.8   3:34pm  55.3   7:12am    2    9  0.00   2   9   2:09pm  SW 29.89   29
14   74.8  92.3   1:52pm  55.4   7:25am    2   12  0.00   2  18   9:42pm   E 29.78   26
15
16
17   78.4  84.4   3:22pm  64.7  11:51pm    0    2  0.00   3  11   2:51pm  SW 29.67   33
18   71.5  85.0   3:40pm  55.0   7:08am    0    2  0.00   2  10   3:22pm WSW 29.82   37
19   71.3  82.8   3:51pm  52.0   7:23am    0    2  0.00   4  16  10:53am ENE 30.09   23
20   69.8  88.6   4:15pm  50.3   7:25am    1    2  0.00   2   9  11:40am ESE 30.10   23
21   67.9  91.4   4:12pm  48.1   7:24am    1    2  0.00   1   5   9:17pm ESE 29.91   25
22   70.3  94.4   3:59pm  51.1   7:17am    1    2  0.00   1   6   5:14pm SSE 29.82   28
23   69.9  90.0   4:16pm  54.3   5:17am    1    2  0.00   1  10   9:21pm  SW 29.91   31
24   66.3  74.0  12:03am  61.7  11:52pm    0    0  0.37   2   8   4:22pm   E 30.00   74
25   68.3  82.0   3:42pm  56.6   7:21am    0    1  0.01   1   6   3:23pm  SW 30.04   75
26   70.7  86.3   3:50pm  55.4   7:18am    1    2  0.00   1   4  10:16am SSW 30.01   64
27   68.8  80.3   3:37pm  58.7   6:58am    0    1  0.00   1   5   1:44pm SSW 29.91   69
28   69.2  81.1   2:40pm  58.7   7:28am    0    1  0.00   1  10   4:00pm  SE 29.82   66
29
---------------------------------------------------------------------------------------
TOT   0.0  52.2  11/1/16  52.2  11/1/16   34  168  0.00   0   2  11/1/16 ---  0.00    0

HEAT BASE: 65.0
COOL BASE: 65.0