NOAA-Style Climate Reports

Select a Year or Month report
2017: Jan Feb Mar Apr May Jun Jul Aug Sep Oct Nov Dec
2016: Jan Feb Mar Apr May Jun Jul Aug Sep Oct Nov Dec

Report for 2016 September
                  MONTHLY CLIMATOLOGICAL SUMMARY FOR 9/2016
                                        HEAT  COOL        
     MEAN                               DEG   DEG       WIND SPEED       DOM MEAN  MEAN
DAY  TEMP  HIGH   TIME     LOW   TIME   DAYS  DAYS RAIN AVG  HI  TIME    DIR BAROM HUM
---------------------------------------------------------------------------------------
1    90.6 103.8   3:32pm  80.1   6:05am    0   26  0.10   5  33   6:14pm  NE 29.69   35
2    91.7 106.5   3:34pm  76.8   6:40am    0   26  0.00   3  22   2:06pm   S 29.66   35
3    93.4 104.3   3:43pm  80.6   6:59am    0   28  0.00   6  27   2:07pm  SW 29.53   24
4    87.6  98.9   2:25pm  71.0   6:56am    0   23  0.00   5  30  11:06am  SW 29.48   16
5    82.3  98.3   3:29pm  64.9   6:45am    0   17  0.00   2  12   1:47pm   E 29.58   21
6    81.4  99.1   4:21pm  62.3   6:54am    0   17  0.00   3  19   2:33pm ESE 29.70   19
7    83.3 100.9   3:51pm  63.2   6:55am    0   18  0.00   3  16   3:14pm   E 29.80   23
8    86.7 102.7   4:13pm  70.8   6:28am    0   22  0.00   2  14   2:27pm   E 29.83   35
9    88.9 106.0   3:11pm  71.0   5:55am    0   24  0.00   2  11  10:20pm ENE 29.80   26
10   88.3 108.0   3:19pm  68.0   6:58am    0   23  0.00   2  10   3:58pm ESE 29.84   17
11   88.4 106.0   3:39pm  70.4   6:46am    0   23  0.00   3  21   3:23pm SSW 29.77   19
12   85.9 100.4   3:18pm  67.1   6:42am    0   21  0.00   6  26  12:38pm  SW 29.60   18
13   83.7  94.7   3:48pm  69.9   6:20am    0   19  0.00   7  31   4:38pm  SW 29.61   22
14   77.7  92.4   3:37pm  61.4   6:57am    0   13  0.00   2  10   2:52pm  SW 29.85   22
15   77.4  97.0   3:41pm  57.3   6:46am    1   14  0.00   2  10   1:27pm ENE 29.86   22
16   79.4 100.3   3:55pm  59.9   7:03am    1   15  0.00   2  11  10:17am  SW 29.83   22
17   67.3  72.1  12:00am  63.1   5:15am    0    1  0.00   2   7  12:10am   E 29.88   26
18   81.3 102.6   4:15pm  60.1   7:05am    0   17  0.00   2  12   2:35pm  SW 29.88   19
19   82.6 103.7   3:40pm  59.3   6:54am    1   18  0.00   2   9   4:17pm   S 29.86   17
20   82.9  89.6  12:08pm  74.8  11:56pm    0   18  0.00   4  21   4:37am WSW 29.87   38
21   76.7  83.5   2:22pm  71.1   7:21am    0   12  0.02   1  14   6:13pm  SW 29.81   70
22   77.8  93.3   2:02pm  66.8  11:58pm    0   13  0.05   5  36   2:14pm  SW 29.59   48
23   70.1  83.8   4:08pm  55.7   6:31am    2    7  0.00   3  13   3:55pm ENE 29.85   31
24   73.3  91.4   5:04pm  53.9   6:20am    3   11  0.00   2  14   2:18pm ENE 30.00   29
25   79.5  92.4   3:26pm  63.6   7:10am    0   15  0.00   5  21   9:22am NNE 30.08   24
26   81.5  98.0   4:20pm  63.3   7:08am    0   16  0.00   3  14   1:00am NNE 29.99   26
27   81.0  99.5   2:52pm  61.9   6:08am    0   16  0.00   2  12   4:12pm  SW 29.85   28
28   78.6  93.8   2:35pm  68.4   4:43am    0   14  0.05   2  27   3:30pm   S 29.88   39
29   79.4  96.2   4:00pm  64.7   7:07am    0   14  0.01   2  10   4:24pm  SE 29.96   52
30   81.4  96.4   3:29pm  66.5   7:07am    0   16  0.00   2  10  12:23pm   W 29.90   43
---------------------------------------------------------------------------------------
TOT  82.4 108.0  9/10/16  53.9  9/24/16    8  516  0.23   3  36  9/22/16  SW 29.79   29

HEAT BASE: 65.0
COOL BASE: 65.0