NOAA-Style Climate Reports

Select a Year or Month report
2017: Jan Feb Mar Apr May Jun Jul Aug Sep Oct Nov Dec
2016: Jan Feb Mar Apr May Jun Jul Aug Sep Oct Nov Dec

Report for 2016 August
                  MONTHLY CLIMATOLOGICAL SUMMARY FOR 8/2016
                                        HEAT  COOL        
     MEAN                               DEG   DEG       WIND SPEED       DOM MEAN  MEAN
DAY  TEMP  HIGH   TIME     LOW   TIME   DAYS  DAYS RAIN AVG  HI  TIME    DIR BAROM HUM
---------------------------------------------------------------------------------------
1    92.1 103.9   4:28pm  77.2   5:38am    0   24  0.02   3  23   8:12pm SSE 29.75   45
2    95.1 107.7   3:16pm  79.4   6:27am    0   30  0.00   3  15   9:00pm  SW 29.76   33
3    93.4 108.9   3:32pm  74.9   8:49pm    0   28  0.78   5  35   3:42pm  NE 29.73   44
4    82.8  91.0   4:06pm  76.2  12:00am    0   18  0.00   2  11   2:39pm  SW 29.77   63
5    89.7 103.9   4:00pm  77.1   5:01am    0   25  0.02   2  17  11:26pm   W 29.68   50
6    96.1 108.4   3:59pm  81.9   6:51am    0   31  0.00   3  17  12:51am  NE 29.62   33
7    97.1 109.8   1:37pm  82.0   6:27am    0   32  0.00   4  24   2:17pm  SW 29.56   27
8    95.0 109.5   3:25pm  75.9   6:15am    0   30  0.00   5  27   2:31pm  NE 29.56   23
9    95.5 106.5   2:21pm  81.3   5:44am    0   31  0.00   6  28   1:12pm SSW 29.58   20
10   94.3 104.7   3:32pm  85.0   6:23am    0   29  0.00   6  27   2:05pm  SW 29.66   34
11   92.3 105.4   3:28pm  76.9   6:17am    0   27  0.00   2  18  12:55pm  SW 29.77   33
12   92.9 110.1   3:05pm  74.9   6:10am    0   28  0.00   2  13   2:41pm  SW 29.78   25
13   94.2 114.9   3:37pm  73.4   5:56am    0   29  0.00   2  10   3:18pm ENE 29.72   19
14   94.4 114.1   3:32pm  72.5   6:25am    0   29  0.00   2  13   3:35pm SSE 29.68   18
15   95.8 113.5   3:10pm  77.7   6:17am    0   31  0.00   4  21   1:49pm   E 29.66   16
16   94.6 112.8   2:42pm  75.3   6:44am    0   30  0.00   3  20   4:05pm WSW 29.68   18
17   93.4 110.0   2:20pm  72.6   6:19am    0   28  0.00   4  35   8:32pm   S 29.69   20
18   93.6 107.8   4:15pm  80.2   6:51am    0   29  0.00   4  29   8:46pm  SW 29.72   26
19   91.0 104.1   3:17pm  77.5   6:40am    0   26  0.00   2  13   3:22pm ESE 29.70   30
20   93.6 109.0   3:59pm  74.4   6:38am    0   29  0.00   3  18   9:39pm  SE 29.65   24
21   91.8 104.8   3:44pm  79.3  11:56pm    0   27  0.04   5  39   8:23pm   E 29.68   29
22   84.9 103.1   4:39pm  70.5  11:28pm    0   20  0.37   3  23   6:52pm NNW 29.75   47
23   80.7  93.4   4:05pm  68.8   1:38am    0   16  0.01   3  15   1:15am WNW 29.89   57
24   88.2 103.3   3:54pm  71.3   6:31am    0   23  0.00   2  13   1:53pm   N 29.80   37
25   81.4  84.9  12:00am  78.1   6:19am    0    4  0.00   2  10   2:55am NNE 29.74   39
26   90.1 102.5   3:55pm  77.5   6:48am    0   25  0.00   3  23   3:32pm  SW 29.73   31
27   80.4  89.5   1:43pm  68.6   4:03am    0   15  0.16   5  29   1:59am  NE 29.85   48
28   85.5 102.5   4:29pm  68.4   6:34am    0   21  0.00   2   9   4:14am  NE 29.88   42
29   90.4 110.8   4:21pm  71.1   6:37am    0   25  0.00   2   8   2:55pm   S 29.81   32
30   91.7 111.1   3:25pm  71.5   6:36am    0   27  0.00   2   9  12:40pm  SW 29.73   27
31   92.4 108.8   4:08pm  72.6   6:46am    0   27  0.00   2  16   4:01pm SSW 29.69   26
---------------------------------------------------------------------------------------
TOT  91.4 114.9  8/13/16  68.4  8/28/16    0  793  1.40   3  39  8/21/16  SW 29.72   32

HEAT BASE: 65.0
COOL BASE: 65.0