NOAA-Style Climate Reports

Select a Year or Month report
2017: Jan Feb Mar Apr May Jun Jul Aug Sep Oct Nov Dec
2016: Jan Feb Mar Apr May Jun Jul Aug Sep Oct Nov Dec

Report for 2016 July
                  MONTHLY CLIMATOLOGICAL SUMMARY FOR 7/2016
                                        HEAT  COOL        
     MEAN                               DEG   DEG       WIND SPEED       DOM MEAN  MEAN
DAY  TEMP  HIGH   TIME     LOW   TIME   DAYS  DAYS RAIN AVG  HI  TIME    DIR BAROM HUM
---------------------------------------------------------------------------------------
1    87.2 102.2   4:20pm  75.3   5:28am    0   23  0.02   4  33  10:54pm  SW 29.77   46
2    85.5  99.5   4:06pm  68.0   3:15am    0   21  0.16   3  28   3:09am  SW 29.84   48
3    93.6 108.5   4:09pm  77.0   5:47am    0   29  0.00   3  21   1:07pm SSW 29.77   33
4    95.2 109.9   4:27pm  78.0   6:15am    0   31  0.00   4  22   2:12pm ENE 29.70   24
5    93.5 110.1   3:05pm  73.4   6:02am    0   29  0.00   5  26   3:56pm ESE 29.65   16
6    92.2 106.7   4:03pm  71.2   6:09am    0   28  0.00   5  25   2:07pm  SW 29.64   13
7    92.6 106.8   3:19pm  74.3   5:43am    0   28  0.00   4  23   3:26pm  SW 29.67   18
8    93.8 110.7   3:21pm  73.0   6:13am    0   29  0.00   4  24   3:54pm  SW 29.70   16
9    93.8 107.4   5:37pm  74.9   6:35am    0   30  0.00   5  26   1:47pm  SW 29.70   15
10   93.3 106.1   3:37pm  79.7   3:47am    0   30  0.00   6  25  10:17am  SW 29.56   15
11   90.1 107.6   3:58pm  74.0   4:03am    0   27  0.00   3  13   6:45am   W 29.61   15
12   90.6 108.6   3:52pm  68.5   6:19am    0   27  0.00   3  22  12:44pm  SW 29.63   14
13   91.3 108.3   4:13pm  69.5   6:05am    0   28  0.00   3  14   3:49pm   W 29.74   14
14   92.5 110.7   4:15pm  70.9   5:52am    0   29  0.00   3  14   1:23pm   E 29.74   14
15   96.0 115.4   3:42pm  72.2   5:20am    0   31  0.00   4  23   3:05pm  SE 29.64   14
16   96.0 111.5   3:49pm  75.8   6:13am    0   31  0.00   6  25  10:03am  SW 29.59   14
17   99.0 112.3   3:36pm  79.9   6:34am    0   34  0.00   6  27  12:56pm  SW 29.63   17
18   99.2 109.9   4:12pm  86.0   6:38am    0   34  0.00   5  24   2:54pm  SW 29.72   21
19   98.9 111.6   3:25pm  83.4   6:18am    0   34  0.00   4  22  12:38pm  SW 29.74   20
20   98.4 112.1   2:57pm  78.8   6:09am    0   41  0.00   5  32   7:20pm ESE 29.74   21
21   99.6 113.3   4:19pm  82.1   6:38am    0   69  0.00   2  15   4:30pm ESE 29.74   23
22   99.9 115.8   3:21pm  80.5   6:17am    0   70  0.00   3  19   1:50pm ESE 29.70   20
23  100.4 116.4   4:30pm  80.9   6:24am    0   71  0.00   3  17   5:30pm ESE 29.62   17
24  100.6 114.6   4:21pm  83.4   6:38am    0   71  0.00   4  24  11:50am ESE 29.61   22
25  100.5 113.3   4:08pm  84.3   6:30am    0   71  0.00   3  19   2:10pm ESE 29.66   24
26  101.7 115.2   3:27pm  84.8   6:16am    0   73  0.00   3  15   1:00am ESE 29.65   21
27  102.2 119.8   2:57pm  82.2   6:09am    0   74  0.00   2  15  10:16pm ESE 29.62   19
28   99.7 118.5   4:50pm  86.3   6:25am    0   51  0.00   3  30   7:00pm ESE 29.61   21
29  100.3 116.3   3:05pm  84.3   6:30am    0   74  0.00   3  29   7:34pm ESE 29.63   23
30   96.7 110.3   4:40pm  76.2  10:32pm    0   32  0.68   6  36   9:56pm  SW 29.61   34
31   89.2 107.3   4:19pm  75.5   9:46pm    0   24  0.22   3  39   8:20pm  SE 29.69   54
---------------------------------------------------------------------------------------
TOT  96.8 119.8  7/27/16  68.0   7/2/16    0 1272  1.08   4  39  7/31/16  SW 29.67   22

HEAT BASE: 65.0
COOL BASE: 65.0