NOAA-Style Climate Reports

Select a Year or Month report
2017: Jan Feb Mar Apr May Jun Jul Aug Sep Oct Nov Dec
2016: Jan Feb Mar Apr May Jun Jul Aug Sep Oct Nov Dec

Report for 2016 June
                  MONTHLY CLIMATOLOGICAL SUMMARY FOR 6/2016
                                        HEAT  COOL        
     MEAN                               DEG   DEG       WIND SPEED       DOM MEAN  MEAN
DAY  TEMP  HIGH   TIME     LOW   TIME   DAYS  DAYS RAIN AVG  HI  TIME    DIR BAROM HUM
---------------------------------------------------------------------------------------
1    89.3 105.9   3:05pm  68.6   6:23am    0   26  0.00   3  15   2:07pm   E 29.68   12
2    87.5 108.2   3:22pm  63.2   6:12am    0   24  0.00   2  14   5:15pm ENE 29.74   15
3    90.7 112.5   2:20pm  65.9   6:04am    0   28  0.00   2  13   3:27pm  SE 29.78   14
4    95.3 149.6   4:15pm   0.0   6:28am    0   30  0.00   2  14  11:08am ENE 29.72   15
5    95.9 115.0   3:16pm  71.3   6:19am    0   30  0.00   4  24   2:29pm ESE 29.57   13
6    93.5 110.9   3:28pm  72.0   6:10am    0   27  0.00   4  21   2:22pm  SW 29.50   12
7    94.1 112.3   3:41pm  71.4   6:08am    0   28  0.00   3  16  12:56pm SSE 29.56   14
8    97.1 113.6   3:32pm  76.3   6:11am    0   31  0.00   3  18   2:54pm ESE 29.57   17
9    96.6 110.8   3:57pm  80.0   5:39am    0   30  0.00   5  23  12:15pm  SW 29.59   17
10   92.4 107.6   2:59pm  73.0   6:11am    0   26  0.00   5  23  12:43pm  SW 29.66   22
11   88.3 100.3   3:00pm  74.7   7:21am    0   22  0.07   4  28   4:27pm ENE 29.71   41
12   89.7 103.4   3:46pm  76.3   6:24am    0   24  0.00   4  23   4:33pm  SW 29.77   25
13   87.7 101.8   4:20pm  72.1   6:07am    0   22  0.00   3  19  12:33pm  SW 29.75   20
14   89.7 103.4   3:02pm  69.2   5:45am    0   24  0.00   6  26   1:43pm  SW 29.63   18
15   91.8 102.8   3:44pm  75.5   6:04am    0   26  0.00   7  32   1:35pm  SW 29.57   16
16   88.9 100.8   3:10pm  72.1   6:25am    0   23  0.00   6  28   2:49pm  SW 29.70   19
17   89.8 105.3   3:38pm  69.3   6:01am    0   24  0.00   4  24   2:55pm  SE 29.80   18
18   92.5 108.9   4:06pm  70.6   5:42am    0   26  0.00   3  22   3:14pm  SW 29.83   14
19   97.2 115.8   4:12pm  75.5   5:51am    0   31  0.00   2  13   4:07pm  SW 29.79   13
20   99.8 119.5   3:27pm  76.8   6:00am    0   34  0.00   2  18   4:20pm   E 29.71   16
21  100.2 120.2   4:02pm  80.0   5:25am    0   34  0.00   3  21   3:49pm  SW 29.64   15
22   98.2 114.0   3:59pm  77.9   5:28am    0   33  0.00   4  23   2:36pm  SW 29.60   18
23   97.5 113.1   3:29pm  78.7   6:06am    0   33  0.00   4  24   6:11pm   E 29.63   16
24   95.9 111.6   3:24pm  74.7   6:06am    0   31  0.00   4  22   3:06pm ENE 29.61   14
25   94.8 113.2   4:24pm  74.0   6:08am    0   30  0.00   2  11  12:42am   E 29.66   15
26   96.2 116.7   3:40pm  73.0   6:00am    0   32  0.00   2  12   4:40pm ESE 29.71   14
27   98.1 117.5   3:33pm  76.1   5:41am    0   34  0.00   3  19   7:48pm   E 29.72   16
28   95.8 111.8   2:32pm  85.5  11:53pm    0   31  0.00   4  45   4:15pm  NE 29.74   21
29   96.1 113.9   2:04pm  76.9   5:52am    0   32  0.00   3  20   4:08pm ESE 29.69   23
30   93.1 107.2   3:02pm  75.6   9:06pm    0   29  0.06   6  37   7:07pm   W 29.70   35
---------------------------------------------------------------------------------------
TOT  93.8 149.6   6/4/16   0.0   6/4/16    0  855  0.13   4  45  6/28/16  SW 29.68   18

HEAT BASE: 65.0
COOL BASE: 65.0