NOAA-Style Climate Reports

Select a Year or Month report
2017: Jan Feb Mar Apr May Jun Jul Aug Sep Oct Nov Dec
2016: Jan Feb Mar Apr May Jun Jul Aug Sep Oct Nov Dec

Report for 2016 May
                  MONTHLY CLIMATOLOGICAL SUMMARY FOR 5/2016
                                        HEAT  COOL        
     MEAN                               DEG   DEG       WIND SPEED       DOM MEAN  MEAN
DAY  TEMP  HIGH   TIME     LOW   TIME   DAYS  DAYS RAIN AVG  HI  TIME    DIR BAROM HUM
---------------------------------------------------------------------------------------
1    69.1  85.2   3:55pm  52.2   6:20am    3    7  0.00   2  15  10:55am  NE 29.83   49
2    73.3  88.0   4:24pm  57.1   5:54am    1    9  0.00   3  21   5:41pm  NE 29.95   38
3    76.4  92.4   3:40pm  57.9   6:31am    1   12  0.00   3  15   9:18am ENE 29.91   34
4    81.7  98.0   1:35pm  62.2   6:30am    0   17  0.00   3  16   2:53pm  NE 29.75   26
5    78.2  93.2   3:15pm  61.4   6:13am    0   14  0.00   4  29  11:14pm  SW 29.61   28
6    68.6  79.8   9:54am  60.0   6:32am    1    5  0.07   5  28  10:47am  SW 29.66   40
7    62.7  74.3   4:17pm  55.0  11:56pm    4    2  0.02   3  20   6:12pm   E 29.82   61
8    67.6  80.8   3:42pm  54.2  12:43am    3    6  0.01   2  17   3:41pm  SW 29.76   55
9    75.5  89.8   3:14pm  57.8   5:04am    1   12  0.00   4  22   1:06pm ENE 29.70   39
10   79.5  92.7   3:10pm  67.9   4:48am    0   14  0.00   3  18  10:50pm  NE 29.76   29
11   79.0  92.8   4:05pm  65.6   6:52am    0   14  0.00   3  16  10:32am  NE 29.93   19
12   79.6  99.2   4:06pm  55.9   6:10am    1   16  0.00   2  11   2:47pm   E 29.94   23
13   83.3 102.5   3:28pm  60.0   6:19am    1   19  0.00   3  21   3:42pm   E 29.83   23
14   86.1 102.3   3:23pm  67.5   5:57am    0   21  0.00   5  25   4:32pm ENE 29.64   22
15   84.8  92.1   3:38pm  74.2  11:57pm    0   20  0.00   5  25  11:30am  SW 29.51   19
16   81.0  91.4   1:33pm  72.2   6:42am    0   16  0.00   5  27   1:33pm  NE 29.63   23
17   74.4  88.7   1:17pm  62.3   5:45am    0    9  0.00   4  24   3:59pm NNW 29.78   36
18   76.9  94.2   3:46pm  58.5   6:02am    1   13  0.00   2  15  11:57am   E 29.82   41
19   82.8  98.4   3:41pm  62.2   6:01am    0   18  0.00   5  25   2:40pm  SE 29.61   28
20   83.8  91.6   2:51pm  73.5  11:59pm    0   19  0.00   9  37   2:11pm  SW 29.44   16
21   75.5  84.7   3:09pm  65.7  11:59pm    0   10  0.00   8  29   3:39pm  SW 29.65   17
22   72.6  86.9   3:22pm  56.9   6:17am    1    9  0.00   3  12   9:57am WSW 29.77   22
23   74.2  89.7   3:44pm  54.2   6:09am    2   12  0.00   4  21   4:32pm  SW 29.66   21
24   74.5  85.6   2:53pm  60.2   5:40am    1   10  0.00   6  29   2:56pm  SW 29.68   23
25   74.3  88.6   3:59pm  55.9   5:47am    2   11  0.00   3  13   1:36pm ENE 29.80   24
26   76.7  91.9   3:50pm  59.5   6:10am    1   12  0.00   3  17   3:22pm SSW 29.76   25
27   80.8  95.8   3:12pm  65.7   3:17am    0   16  0.00   3  15   1:43pm  SW 29.70   27
28   82.1  97.9   3:47pm  62.0   6:04am    0   17  0.00   2  14   1:53pm   E 29.68   23
29   84.8  99.8   2:36pm  64.9   5:45am    0   20  0.00   2  14   2:40pm WSW 29.73   22
30   85.0 103.0   2:45pm  66.2   6:15am    0   20  0.00   3  27   4:05pm ENE 29.72   20
31   86.0 101.5   4:01pm  63.2   5:31am    0   22  0.00   3  19  11:17am ENE 29.66   20
---------------------------------------------------------------------------------------
TOT  77.8 103.0  5/30/16  52.2   5/1/16   25  422  0.10   4  37  5/20/16  SW 29.73   29

HEAT BASE: 65.0
COOL BASE: 65.0