NOAA-Style Climate Reports

Select a Year or Month report
2017: Jan Feb Mar Apr May Jun Jul Aug Sep Oct Nov Dec
2016: Jan Feb Mar Apr May Jun Jul Aug Sep Oct Nov Dec

Report for 2016 April
                  MONTHLY CLIMATOLOGICAL SUMMARY FOR 4/2016
                                        HEAT  COOL        
     MEAN                               DEG   DEG       WIND SPEED       DOM MEAN  MEAN
DAY  TEMP  HIGH   TIME     LOW   TIME   DAYS  DAYS RAIN AVG  HI  TIME    DIR BAROM HUM
---------------------------------------------------------------------------------------
1    65.8  80.9   3:27pm  46.6   7:00am    4    5  0.00   3  19   1:10pm   E 30.04   34
2    66.9  85.9   4:47pm  48.0   6:42am    5    7  0.00   2  10   1:39pm ESE 30.08   28
3    67.8  86.6   3:00pm  47.3   7:04am    5    7  0.00   2  11   1:59pm   E 29.99   26
4    69.6  88.4   3:35pm  50.4   6:49am    4    9  0.00   2  18   1:52pm ENE 29.97   26
5    73.6  93.6   4:33pm  51.8   6:31am    3   12  0.00   3  21   6:56pm   E 30.02   23
6    74.7  91.1   5:14pm  55.1   7:05am    1   11  0.00   4  17  10:24am NNE 30.10   19
7    74.7  95.9   4:05pm  54.8   6:32am    2   12  0.00   2  20   6:51pm ENE 29.82   23
8    66.8  73.0  10:10am  62.1  11:15pm    1    2  0.28   3  25   9:57am  SW 29.81   55
9    61.8  71.5   2:50pm  58.3  11:52pm    4    0  0.71   2  18   1:58pm  NE 29.85   84
10   60.0  76.0   1:46pm  53.1  11:54pm    6    1  0.31   2  28   2:15pm  NE 29.83   80
11   63.1  78.2   4:02pm  51.5   3:03am    5    3  0.00   2  11   4:34pm ENE 30.00   69
12   67.8  83.0   3:25pm  52.8   6:42am    3    6  0.00   2  12   2:08pm  SW 29.99   57
13   70.7  85.8   3:10pm  54.3   6:36am    2    8  0.00   3  21   4:51pm  SW 29.89   49
14   70.9  83.1   3:59pm  58.8   6:40am    1    7  0.00   4  22  12:55pm  SW 29.65   41
15   64.5  70.6  12:09am  55.9  10:14am    2    1  0.00   7  29   9:20am  NW 29.73   30
16   67.2  80.4   3:13pm  53.1   5:58am    3    5  0.00   5  24  12:57pm  NE 29.96   24
17   69.7  84.8   3:55pm  51.2   6:34am    2    7  0.00   4  22   5:49pm  NE 30.02   22
18   71.0  86.8   4:06pm  52.2   6:42am    2    8  0.00   3  14   2:55am SSW 30.03   22
19   71.7  90.5   4:21pm  52.0   6:38am    3   10  0.00   2  12   2:16pm ENE 29.91   30
20   74.7  94.5   4:01pm  53.0   6:20am    3   12  0.00   2  18   3:07pm ESE 29.80   29
21   76.1  94.5   2:46pm  55.7   6:33am    2   13  0.00   3  17   3:25pm ENE 29.75   25
22   77.8  94.4   2:53pm  55.6   6:32am    1   14  0.00   8  33   2:47pm SSW 29.65   22
23   71.5  82.7   4:02pm  60.7   6:35am    0    7  0.00   5  32  12:16am  SW 29.77   23
24   70.3  83.8   2:13pm  53.7   6:21am    3    8  0.00   2  18   7:22pm  SW 29.73   27
25   59.7  69.3  12:00am  52.4   7:25pm    6    0  0.20   6  28  10:42am  SW 29.57   55
26   64.7  80.4   3:16pm  49.7   5:49am    5    5  0.00   2  13   5:39pm  SW 29.78   53
27   65.2  76.6  12:01pm  55.3   4:56am    3    3  0.00   3  25   3:16pm NNE 29.65   49
28   60.3  70.5   3:14pm  52.5   8:40am    5    0  0.09   2  13   8:39am   W 29.63   65
29   65.8  82.1   4:04pm  52.0   4:38am    4    5  0.07   3  24   5:14pm   E 29.77   56
30   62.8  76.1   2:50pm  55.0   6:53am    4    2  0.07   5  23  12:20pm  NE 29.70   63
---------------------------------------------------------------------------------------
TOT  68.2  95.9   4/7/16  46.6   4/1/16   95  192  1.73   3  33  4/22/16  SW 29.85   40

HEAT BASE: 65.0
COOL BASE: 65.0