NOAA-Style Climate Reports

Select a Year or Month report
2017: Jan Feb Mar Apr May Jun Jul Aug Sep Oct Nov Dec
2016: Jan Feb Mar Apr May Jun Jul Aug Sep Oct Nov Dec

Report for 2016 March
                  MONTHLY CLIMATOLOGICAL SUMMARY FOR 3/2016
                                        HEAT  COOL        
     MEAN                               DEG   DEG       WIND SPEED       DOM MEAN  MEAN
DAY  TEMP  HIGH   TIME     LOW   TIME   DAYS  DAYS RAIN AVG  HI  TIME    DIR BAROM HUM
---------------------------------------------------------------------------------------
1    71.8  83.8   4:35pm  54.4  12:00am    7   10  0.00   2   8   9:15pm ENE 29.96   28
2    74.7  87.6   3:11pm  46.4   6:33am    8   15  0.00   2  10  12:04am ENE 29.94   23
3    64.3  82.7   2:43pm  49.1   6:23am    6    5  0.00   2   7   2:06pm ENE 29.94   35
4    65.7  84.5   3:31pm  47.1   6:35am    5    6  0.00   2   9  12:15pm ENE 29.88   32
5    66.6  81.6   1:18pm  50.0   5:48am    4    6  0.00   4  26   5:19pm WSW 29.80   35
6    62.5  73.8  10:40am  45.1  11:55pm    4    2  0.07   5  30   1:30pm  SW 29.71   49
7    52.8  65.1   1:53pm  39.0   6:30am   12    0  0.00   1  10  11:58am  SW 29.74   56
8    58.0  75.0   3:21pm  40.2   6:01am    9    2  0.00   2  14   2:50pm ENE 29.83   42
9    61.8  79.4   3:26pm  42.9   6:22am    7    4  0.00   2  12   1:46pm   E 29.97   35
10   64.6  84.9   2:28pm  44.8   6:23am    6    6  0.00   2  10   1:53pm ESE 29.98   35
11   65.4  80.8   4:23pm  50.4   5:17am    5    6  0.00   4  28  11:18pm  SW 29.76   36
12   56.8  67.0   1:55pm  46.6   6:32am    8    0  0.04   2  14  12:45am ENE 29.94   57
13   59.0  73.7   3:07pm  43.9   7:16am    8    2  0.00   3  19   3:08pm ESE 29.93   53
14   61.6  75.2   4:52pm  47.6   6:33am    6    3  0.00   3  20   3:43pm  SE 29.90   48
15   61.1  79.6   3:35pm  44.3   7:19am    8    4  0.00   2  10  10:11am   E 30.03   34
16   61.9  81.3   4:40pm  43.8   6:28am    8    4  0.00   3  14   5:08am   E 30.02   30
17   64.1  84.9   4:55pm  42.4   6:56am    7    6  0.00   2   9   3:30pm ESE 29.86   29
18   66.4  87.4   4:20pm  46.1   6:55am    6    7  0.00   2  14  11:10am ENE 29.86   28
19   66.7  87.5   4:00pm  45.9   7:10am    5    7  0.00   2  11  11:30am   E 29.93   27
20   69.7  90.3   2:58pm  49.4   7:10am    4    9  0.00   2  22   4:17pm  SW 29.90   28
21   71.8  87.1   2:54pm  53.4   6:47am    3    9  0.00   5  27   1:12pm  SW 29.77   20
22   64.7  73.1  12:21am  50.6  11:58pm    2    2  0.00   7  28   5:05pm   W 29.75   23
23   57.8  74.9   4:50pm  38.6   7:04am    9    2  0.00   3  18   1:43pm   E 30.13   30
24   61.2  78.6   3:49pm  42.3   6:57am    7    4  0.00   2  11   5:09pm  SE 30.03   29
25   64.0  83.0   3:34pm  44.0   6:52am    7    6  0.00   3  16   2:31pm ENE 29.78   27
26   61.9  72.6   4:41pm  50.8  11:59pm    5    2  0.00   5  23   8:33am  NE 29.92   22
27   60.0  76.9   4:39pm  43.3   6:55am    8    3  0.00   2   7   1:58am ENE 29.96   27
28   61.4  79.6   2:25pm  49.0   3:39am    6    3  0.10   8  39   9:17pm  SW 29.55   31
29   55.9  65.7   3:17pm  48.5  11:55pm    9    0  0.00   7  25   2:38pm  SW 29.64   35
30   55.8  68.4  12:53pm  44.3   2:52am   10    0  0.00   2  10   3:52am NNE 29.88   44
31   59.5  77.9   3:37pm  39.8   6:42am    9    3  0.00   3  14   9:49pm  NE 29.93   40
---------------------------------------------------------------------------------------
TOT  62.5  90.3  3/20/16  38.6  3/23/16  207  135  0.21   3  39  3/28/16 ENE 29.88   35

HEAT BASE: 65.0
COOL BASE: 65.0